{"id":754,"date":"2021-03-14T12:08:41","date_gmt":"2021-03-14T11:08:41","guid":{"rendered":"https:\/\/www.recreatieparkdekuilen.nl\/contact-de-kuilen\/"},"modified":"2025-01-30T11:41:52","modified_gmt":"2025-01-30T10:41:52","slug":"kontakt-de-kuilen","status":"publish","type":"page","link":"https:\/\/www.recreatieparkdekuilen.nl\/de\/kontakt-de-kuilen\/","title":{"rendered":"Kontakt"},"content":{"rendered":"<p>Wir stehen jederzeit bereit dir zu helfen und hei\u00dfen dich im Erholungspark de Kuilen willkommen. Hast du Fragen, Anmerkungen oder spezielle W\u00fcnsche? Bitte z\u00f6gere nicht mit uns Kontakt aufzunehmen. Wir stehen jederzeit pers\u00f6nlich f\u00fcr dich bereit, um deine Fragen zu beantworten und dir bei der Planung deines Aufenthaltes zu assistieren. Wir freuen uns darauf, von dir zu h\u00f6ren und dich im sch\u00f6nen Someren willkommen zu hei\u00dfen!<\/p>\n","protected":false},"excerpt":{"rendered":"<p>Wir stehen jederzeit bereit dir zu helfen und hei\u00dfen dich im Erholungspark de Kuilen willkommen. Hast du Fragen, Anmerkungen oder spezielle W\u00fcnsche? Bitte z\u00f6gere nicht mit uns Kontakt aufzunehmen. Wir stehen jederzeit pers\u00f6nlich f\u00fcr dich bereit, um deine Fragen zu beantworten und dir bei der Planung deines Aufenthaltes zu assistieren. Wir freuen uns darauf, von [&hellip;]<\/p>\n","protected":false},"author":2,"featured_media":0,"parent":0,"menu_order":0,"comment_status":"closed","ping_status":"closed","template":"template-contact.php","meta":{"_acf_changed":false,"footnotes":""},"class_list":["post-754","page","type-page","status-publish","hentry"],"acf":[],"yoast_head":"<!-- This site is optimized with the Yoast SEO plugin v27.0 - https:\/\/yoast.com\/product\/yoast-seo-wordpress\/ -->\n<title>Kontakt - Recreatiepark de Kuilen<\/title>\n<meta name=\"description\" content=\"Vragen over jouw verblijf? Neem gerust contact op! Wij staan klaar om je te helpen en jouw vakantie in de Brabantse natuur perfect te maken.\" \/>\n<meta name=\"robots\" content=\"index, follow, max-snippet:-1, max-image-preview:large, max-video-preview:-1\" \/>\n<link rel=\"canonical\" href=\"https:\/\/www.recreatieparkdekuilen.nl\/de\/kontakt-de-kuilen\/\" \/>\n<meta property=\"og:locale\" content=\"de_DE\" \/>\n<meta property=\"og:type\" content=\"article\" \/>\n<meta property=\"og:title\" content=\"Kontakt - Recreatiepark de Kuilen\" \/>\n<meta property=\"og:description\" content=\"Vragen over jouw verblijf? Neem gerust contact op! Wij staan klaar om je te helpen en jouw vakantie in de Brabantse natuur perfect te maken.\" \/>\n<meta property=\"og:url\" content=\"https:\/\/www.recreatieparkdekuilen.nl\/de\/kontakt-de-kuilen\/\" \/>\n<meta property=\"og:site_name\" content=\"Recreatiepark de Kuilen\" \/>\n<meta property=\"article:modified_time\" content=\"2025-01-30T10:41:52+00:00\" \/>\n<meta name=\"twitter:card\" content=\"summary_large_image\" \/>\n<meta name=\"twitter:label1\" content=\"Gesch\u00e4tzte Lesezeit\" \/>\n\t<meta name=\"twitter:data1\" content=\"1\u00a0Minute\" \/>\n<!-- \/ Yoast SEO plugin. -->","yoast_head_json":{"title":"Kontakt - Recreatiepark de Kuilen","description":"Vragen over jouw verblijf? Neem gerust contact op! Wij staan klaar om je te helpen en jouw vakantie in de Brabantse natuur perfect te maken.","robots":{"index":"index","follow":"follow","max-snippet":"max-snippet:-1","max-image-preview":"max-image-preview:large","max-video-preview":"max-video-preview:-1"},"canonical":"https:\/\/www.recreatieparkdekuilen.nl\/de\/kontakt-de-kuilen\/","og_locale":"de_DE","og_type":"article","og_title":"Kontakt - Recreatiepark de Kuilen","og_description":"Vragen over jouw verblijf? Neem gerust contact op! Wij staan klaar om je te helpen en jouw vakantie in de Brabantse natuur perfect te maken.","og_url":"https:\/\/www.recreatieparkdekuilen.nl\/de\/kontakt-de-kuilen\/","og_site_name":"Recreatiepark de Kuilen","article_modified_time":"2025-01-30T10:41:52+00:00","twitter_card":"summary_large_image","twitter_misc":{"Gesch\u00e4tzte Lesezeit":"1\u00a0Minute"},"schema":{"@context":"https:\/\/schema.org","@graph":[{"@type":"WebPage","@id":"https:\/\/www.recreatieparkdekuilen.nl\/de\/kontakt-de-kuilen\/","url":"https:\/\/www.recreatieparkdekuilen.nl\/de\/kontakt-de-kuilen\/","name":"Kontakt - Recreatiepark de Kuilen","isPartOf":{"@id":"https:\/\/www.recreatieparkdekuilen.nl\/de\/#website"},"datePublished":"2021-03-14T11:08:41+00:00","dateModified":"2025-01-30T10:41:52+00:00","description":"Vragen over jouw verblijf? Neem gerust contact op! Wij staan klaar om je te helpen en jouw vakantie in de Brabantse natuur perfect te maken.","inLanguage":"de","potentialAction":[{"@type":"ReadAction","target":["https:\/\/www.recreatieparkdekuilen.nl\/de\/kontakt-de-kuilen\/"]}]},{"@type":"WebSite","@id":"https:\/\/www.recreatieparkdekuilen.nl\/de\/#website","url":"https:\/\/www.recreatieparkdekuilen.nl\/de\/","name":"Recreatiepark de Kuilen","description":"Recreatiepark de Kuilen","potentialAction":[{"@type":"SearchAction","target":{"@type":"EntryPoint","urlTemplate":"https:\/\/www.recreatieparkdekuilen.nl\/de\/?s={search_term_string}"},"query-input":{"@type":"PropertyValueSpecification","valueRequired":true,"valueName":"search_term_string"}}],"inLanguage":"de"}]}},"_links":{"self":[{"href":"https:\/\/www.recreatieparkdekuilen.nl\/de\/wp-json\/wp\/v2\/pages\/754","targetHints":{"allow":["GET"]}}],"collection":[{"href":"https:\/\/www.recreatieparkdekuilen.nl\/de\/wp-json\/wp\/v2\/pages"}],"about":[{"href":"https:\/\/www.recreatieparkdekuilen.nl\/de\/wp-json\/wp\/v2\/types\/page"}],"author":[{"embeddable":true,"href":"https:\/\/www.recreatieparkdekuilen.nl\/de\/wp-json\/wp\/v2\/users\/2"}],"replies":[{"embeddable":true,"href":"https:\/\/www.recreatieparkdekuilen.nl\/de\/wp-json\/wp\/v2\/comments?post=754"}],"version-history":[{"count":1,"href":"https:\/\/www.recreatieparkdekuilen.nl\/de\/wp-json\/wp\/v2\/pages\/754\/revisions"}],"predecessor-version":[{"id":779,"href":"https:\/\/www.recreatieparkdekuilen.nl\/de\/wp-json\/wp\/v2\/pages\/754\/revisions\/779"}],"wp:attachment":[{"href":"https:\/\/www.recreatieparkdekuilen.nl\/de\/wp-json\/wp\/v2\/media?parent=754"}],"curies":[{"name":"wp","href":"https:\/\/api.w.org\/{rel}","templated":true}]}}

<p>Wir stehen jederzeit bereit dir zu helfen und heißen dich im Erholungspark de Kuilen willkommen. Hast du Fragen, Anmerkungen oder spezielle Wünsche? Bitte zögere nicht mit uns Kontakt aufzunehmen. Wir stehen jederzeit persönlich für dich bereit, um deine Fragen zu beantworten und dir bei der Planung deines Aufenthaltes zu assistieren. Wir freuen uns darauf, von dir zu hören und dich im schönen Someren willkommen zu heißen!</p>

<p>Wir stehen jederzeit bereit dir zu helfen und heißen dich im Erholungspark de Kuilen willkommen. Hast du Fragen, Anmerkungen oder spezielle Wünsche? Bitte zögere nicht mit uns Kontakt aufzunehmen. Wir stehen jederzeit persönlich für dich bereit, um deine Fragen zu beantworten und dir bei der Planung deines Aufenthaltes zu assistieren. Wir freuen uns darauf, von [&hellip;]</p>

<!-- This site is optimized with the Yoast SEO plugin v27.0 - https://yoast.com/product/yoast-seo-wordpress/ -->
<title>Kontakt - Recreatiepark de Kuilen</title>
<meta name="description" content="Vragen over jouw verblijf? Neem gerust contact op! Wij staan klaar om je te helpen en jouw vakantie in de Brabantse natuur perfect te maken." />
<meta name="robots" content="index, follow, max-snippet:-1, max-image-preview:large, max-video-preview:-1" />
<link rel="canonical" href="https://www.recreatieparkdekuilen.nl/de/kontakt-de-kuilen/" />
<meta property="og:locale" content="de_DE" />
<meta property="og:type" content="article" />
<meta property="og:title" content="Kontakt - Recreatiepark de Kuilen" />
<meta property="og:description" content="Vragen over jouw verblijf? Neem gerust contact op! Wij staan klaar om je te helpen en jouw vakantie in de Brabantse natuur perfect te maken." />
<meta property="og:url" content="https://www.recreatieparkdekuilen.nl/de/kontakt-de-kuilen/" />
<meta property="og:site_name" content="Recreatiepark de Kuilen" />
<meta property="article:modified_time" content="2025-01-30T10:41:52+00:00" />
<meta name="twitter:card" content="summary_large_image" />
<meta name="twitter:label1" content="Geschätzte Lesezeit" />
	<meta name="twitter:data1" content="1 Minute" />
<!-- / Yoast SEO plugin. -->
