{"id":751,"date":"2023-08-07T10:02:44","date_gmt":"2023-08-07T08:02:44","guid":{"rendered":"https:\/\/www.recreatieparkdekuilen.nl\/impressie-fotos\/"},"modified":"2025-01-30T11:33:57","modified_gmt":"2025-01-30T10:33:57","slug":"eindruecke","status":"publish","type":"page","link":"https:\/\/www.recreatieparkdekuilen.nl\/de\/eindruecke\/","title":{"rendered":"Eindr\u00fccke"},"content":{"rendered":"<h2>Entdecke unsere Unterk\u00fcnfte<\/h2>\n<p>Unsere Unterk\u00fcnfte sind mit deinem Komfort und deiner Behaglichkeit im Sinn entworfen worden. Bewundere unsere ger\u00e4umigen Stellpl\u00e4tze, die ideal f\u00fcr echte Naturliebhaber sind. Oder schau dir die nachhaltig gebauten Chalets an, die das Beste aus beiden Welten vereinen: Die Ruhe der Natur mit dem Komfort von zu Hause. Auf unseren Fotos kannst du sehen, wie jede Unterkunft eingerichtet ist: Ein perfekter Vorgeschmack auf deinen Aufenthalt bei uns!<\/p>\n<h2>Urlaub in der N\u00e4he on De Peel und der StrabrechtseHeide<\/h2>\n<p>Lass dich von der nat\u00fcrlichen Sch\u00f6nheit von Someren verzaubern. Hast du schon die Fotos von der Strabrechtse Heide und De Peel gesehen? Diese Naturschutzgebiete sind nur einen Steinwurf von unserem Park entfernt. Perfekt f\u00fcr einen Spaziergang oder eine Radtour w\u00e4hrend deines Aufenthalts!<\/p>\n<p>Haben die Fotos dich angeregt diesen sch\u00f6nen Ort selbst zu besuchen? Im Erholungspark de Kuilen bist du nat\u00fcrlich herzlich willkommen. Buche noch heute deinen Aufenthalt und bereite dich auf ein unvergessliches Abenteuer in Someren vor.<\/p>\n","protected":false},"excerpt":{"rendered":"<p>Entdecke unsere Unterk\u00fcnfte Unsere Unterk\u00fcnfte sind mit deinem Komfort und deiner Behaglichkeit im Sinn entworfen worden. Bewundere unsere ger\u00e4umigen Stellpl\u00e4tze, die ideal f\u00fcr echte Naturliebhaber sind. Oder schau dir die nachhaltig gebauten Chalets an, die das Beste aus beiden Welten vereinen: Die Ruhe der Natur mit dem Komfort von zu Hause. Auf unseren Fotos kannst [&hellip;]<\/p>\n","protected":false},"author":2,"featured_media":0,"parent":0,"menu_order":0,"comment_status":"closed","ping_status":"closed","template":"template-galerij.php","meta":{"_acf_changed":false,"footnotes":""},"class_list":["post-751","page","type-page","status-publish","hentry"],"acf":[],"yoast_head":"<!-- This site is optimized with the Yoast SEO plugin v27.0 - https:\/\/yoast.com\/product\/yoast-seo-wordpress\/ -->\n<title>Eindr\u00fccke - Recreatiepark de Kuilen<\/title>\n<meta name=\"description\" content=\"Ontspan op Recreatiepark de Kuilen! Verken de omgeving, fijne accommodaties en voorzieningen. Bekijk nu foto\u2019s van het park en plan jouw ideale verblijf!\" \/>\n<meta name=\"robots\" content=\"index, follow, max-snippet:-1, max-image-preview:large, max-video-preview:-1\" \/>\n<link rel=\"canonical\" href=\"https:\/\/www.recreatieparkdekuilen.nl\/de\/eindruecke\/\" \/>\n<meta property=\"og:locale\" content=\"de_DE\" \/>\n<meta property=\"og:type\" content=\"article\" \/>\n<meta property=\"og:title\" content=\"Eindr\u00fccke - Recreatiepark de Kuilen\" \/>\n<meta property=\"og:description\" content=\"Ontspan op Recreatiepark de Kuilen! Verken de omgeving, fijne accommodaties en voorzieningen. Bekijk nu foto\u2019s van het park en plan jouw ideale verblijf!\" \/>\n<meta property=\"og:url\" content=\"https:\/\/www.recreatieparkdekuilen.nl\/de\/eindruecke\/\" \/>\n<meta property=\"og:site_name\" content=\"Recreatiepark de Kuilen\" \/>\n<meta property=\"article:modified_time\" content=\"2025-01-30T10:33:57+00:00\" \/>\n<meta name=\"twitter:card\" content=\"summary_large_image\" \/>\n<meta name=\"twitter:label1\" content=\"Gesch\u00e4tzte Lesezeit\" \/>\n\t<meta name=\"twitter:data1\" content=\"6\u00a0Minuten\" \/>\n<!-- \/ Yoast SEO plugin. -->","yoast_head_json":{"title":"Eindr\u00fccke - Recreatiepark de Kuilen","description":"Ontspan op Recreatiepark de Kuilen! Verken de omgeving, fijne accommodaties en voorzieningen. Bekijk nu foto\u2019s van het park en plan jouw ideale verblijf!","robots":{"index":"index","follow":"follow","max-snippet":"max-snippet:-1","max-image-preview":"max-image-preview:large","max-video-preview":"max-video-preview:-1"},"canonical":"https:\/\/www.recreatieparkdekuilen.nl\/de\/eindruecke\/","og_locale":"de_DE","og_type":"article","og_title":"Eindr\u00fccke - Recreatiepark de Kuilen","og_description":"Ontspan op Recreatiepark de Kuilen! Verken de omgeving, fijne accommodaties en voorzieningen. Bekijk nu foto\u2019s van het park en plan jouw ideale verblijf!","og_url":"https:\/\/www.recreatieparkdekuilen.nl\/de\/eindruecke\/","og_site_name":"Recreatiepark de Kuilen","article_modified_time":"2025-01-30T10:33:57+00:00","twitter_card":"summary_large_image","twitter_misc":{"Gesch\u00e4tzte Lesezeit":"6\u00a0Minuten"},"schema":{"@context":"https:\/\/schema.org","@graph":[{"@type":"WebPage","@id":"https:\/\/www.recreatieparkdekuilen.nl\/de\/eindruecke\/","url":"https:\/\/www.recreatieparkdekuilen.nl\/de\/eindruecke\/","name":"Eindr\u00fccke - Recreatiepark de Kuilen","isPartOf":{"@id":"https:\/\/www.recreatieparkdekuilen.nl\/de\/#website"},"datePublished":"2023-08-07T08:02:44+00:00","dateModified":"2025-01-30T10:33:57+00:00","description":"Ontspan op Recreatiepark de Kuilen! Verken de omgeving, fijne accommodaties en voorzieningen. Bekijk nu foto\u2019s van het park en plan jouw ideale verblijf!","inLanguage":"de","potentialAction":[{"@type":"ReadAction","target":["https:\/\/www.recreatieparkdekuilen.nl\/de\/eindruecke\/"]}]},{"@type":"WebSite","@id":"https:\/\/www.recreatieparkdekuilen.nl\/de\/#website","url":"https:\/\/www.recreatieparkdekuilen.nl\/de\/","name":"Recreatiepark de Kuilen","description":"Recreatiepark de Kuilen","potentialAction":[{"@type":"SearchAction","target":{"@type":"EntryPoint","urlTemplate":"https:\/\/www.recreatieparkdekuilen.nl\/de\/?s={search_term_string}"},"query-input":{"@type":"PropertyValueSpecification","valueRequired":true,"valueName":"search_term_string"}}],"inLanguage":"de"}]}},"_links":{"self":[{"href":"https:\/\/www.recreatieparkdekuilen.nl\/de\/wp-json\/wp\/v2\/pages\/751","targetHints":{"allow":["GET"]}}],"collection":[{"href":"https:\/\/www.recreatieparkdekuilen.nl\/de\/wp-json\/wp\/v2\/pages"}],"about":[{"href":"https:\/\/www.recreatieparkdekuilen.nl\/de\/wp-json\/wp\/v2\/types\/page"}],"author":[{"embeddable":true,"href":"https:\/\/www.recreatieparkdekuilen.nl\/de\/wp-json\/wp\/v2\/users\/2"}],"replies":[{"embeddable":true,"href":"https:\/\/www.recreatieparkdekuilen.nl\/de\/wp-json\/wp\/v2\/comments?post=751"}],"version-history":[{"count":2,"href":"https:\/\/www.recreatieparkdekuilen.nl\/de\/wp-json\/wp\/v2\/pages\/751\/revisions"}],"predecessor-version":[{"id":778,"href":"https:\/\/www.recreatieparkdekuilen.nl\/de\/wp-json\/wp\/v2\/pages\/751\/revisions\/778"}],"wp:attachment":[{"href":"https:\/\/www.recreatieparkdekuilen.nl\/de\/wp-json\/wp\/v2\/media?parent=751"}],"curies":[{"name":"wp","href":"https:\/\/api.w.org\/{rel}","templated":true}]}}

Eindrücke

<h2>Entdecke unsere Unterkünfte</h2>
<p>Unsere Unterkünfte sind mit deinem Komfort und deiner Behaglichkeit im Sinn entworfen worden. Bewundere unsere geräumigen Stellplätze, die ideal für echte Naturliebhaber sind. Oder schau dir die nachhaltig gebauten Chalets an, die das Beste aus beiden Welten vereinen: Die Ruhe der Natur mit dem Komfort von zu Hause. Auf unseren Fotos kannst du sehen, wie jede Unterkunft eingerichtet ist: Ein perfekter Vorgeschmack auf deinen Aufenthalt bei uns!</p>
<h2>Urlaub in der Nähe on De Peel und der StrabrechtseHeide</h2>
<p>Lass dich von der natürlichen Schönheit von Someren verzaubern. Hast du schon die Fotos von der Strabrechtse Heide und De Peel gesehen? Diese Naturschutzgebiete sind nur einen Steinwurf von unserem Park entfernt. Perfekt für einen Spaziergang oder eine Radtour während deines Aufenthalts!</p>
<p>Haben die Fotos dich angeregt diesen schönen Ort selbst zu besuchen? Im Erholungspark de Kuilen bist du natürlich herzlich willkommen. Buche noch heute deinen Aufenthalt und bereite dich auf ein unvergessliches Abenteuer in Someren vor.</p>

<p>Entdecke unsere Unterkünfte Unsere Unterkünfte sind mit deinem Komfort und deiner Behaglichkeit im Sinn entworfen worden. Bewundere unsere geräumigen Stellplätze, die ideal für echte Naturliebhaber sind. Oder schau dir die nachhaltig gebauten Chalets an, die das Beste aus beiden Welten vereinen: Die Ruhe der Natur mit dem Komfort von zu Hause. Auf unseren Fotos kannst [&hellip;]</p>

<!-- This site is optimized with the Yoast SEO plugin v27.0 - https://yoast.com/product/yoast-seo-wordpress/ -->
<title>Eindrücke - Recreatiepark de Kuilen</title>
<meta name="description" content="Ontspan op Recreatiepark de Kuilen! Verken de omgeving, fijne accommodaties en voorzieningen. Bekijk nu foto’s van het park en plan jouw ideale verblijf!" />
<meta name="robots" content="index, follow, max-snippet:-1, max-image-preview:large, max-video-preview:-1" />
<link rel="canonical" href="https://www.recreatieparkdekuilen.nl/de/eindruecke/" />
<meta property="og:locale" content="de_DE" />
<meta property="og:type" content="article" />
<meta property="og:title" content="Eindrücke - Recreatiepark de Kuilen" />
<meta property="og:description" content="Ontspan op Recreatiepark de Kuilen! Verken de omgeving, fijne accommodaties en voorzieningen. Bekijk nu foto’s van het park en plan jouw ideale verblijf!" />
<meta property="og:url" content="https://www.recreatieparkdekuilen.nl/de/eindruecke/" />
<meta property="og:site_name" content="Recreatiepark de Kuilen" />
<meta property="article:modified_time" content="2025-01-30T10:33:57+00:00" />
<meta name="twitter:card" content="summary_large_image" />
<meta name="twitter:label1" content="Geschätzte Lesezeit" />
	<meta name="twitter:data1" content="6 Minuten" />
<!-- / Yoast SEO plugin. -->

Eindrücke - Recreatiepark de Kuilen
